-z + 5. Let w = c - z. What are the prime factors of w?
3
Suppose 4*z + 591 = 5*o, 0 = -5*o + 6*z - 5*z + 579. Let i = o - -46. List the prime factors of i.
7, 23
Let c(o) = 12*o**2 + 9*o - 9. Let l be c(1). Suppose 17*d = l*d + 680. List the prime factors of d.
2, 17
Let t(g) = g**2 - 4*g - 17. Let l be t(7). Suppose -l = u, -2*v + u - 4*u + 152 = 0. List the prime factors of v.
2, 41
Suppose -342 = -14*q - 5*q. What are the prime factors of q?
2, 3
List the prime factors of 31/(-62) - (0 - 1257/2).
2, 157
Suppose 2*k - 3826 = -9*t + 12*t, -t = 0. List the prime factors of k.
1913
Let i(g) = 10*g + 3 + 3 - 2*g. What are the prime factors of i(11)?
2, 47
Suppose -6*v + 9 + 93 = 0. Suppose -v = -w + 19. What are the prime factors of w?
2, 3
Let m(u) = -u**3 - 9*u**2 - 7*u + 12. Let v be m(-8). Suppose 225 = v*t - 15. Suppose -4*r = -3*r - t. What are the prime factors of r?
2, 3, 5
Suppose -4*k = p - 1374, -2*k + 732 = 3*p + 50. Suppose 0 = 2*l + 2*h - k, l - h = -0*h + 176. What are the prime factors of l?
2, 3, 29
Let o be (-24)/(-40) + 12/5. Suppose c - o*p = 4*c + 135, 3*c + 123 = 3*p. Let t = -29 - c. List the prime factors of t.
2, 7
Let u(o) = 2*o**2 + 9*o + 85. List the prime factors of u(8).
3, 5, 19
Let r = -42 - -42. Suppose t + r*t = 74. List the prime factors of t.
2, 37
Suppose 3*l = -3*z + 3969, l + 2650 = 3*l + z. List the prime factors of l.
1327
Let o = -230 + 342. Suppose -2*z + 3*c - 180 = -5*z, 2*z - 2*c = o. List the prime factors of z.
2, 29
Let j be 2/(-6) - 8218/(-21). Suppose j = 4*v + 127. What are the prime factors of v?
2, 3, 11
Let s(g) = g**3 - 5*g**2 - 24*g - 59. What are the prime factors of s(14)?
37
Suppose -9*b + 24 = -3. Suppose -4*z + z + 252 = 2*k, 0 = -b*z + 5*k + 231. List the prime factors of z.
2, 41
Suppose -4*b - 2*w + 2034 = -2196, 0 = 3*b + 2*w - 3170. What are the prime factors of b?
2, 5, 53
Let u(l) = -15*l + 5. Let g be u(5). Let d be -3*(-40)/(-66) + 10/(-55). What are the prime factors of ((-12)/(-15))/(d/g)?
2, 7
Suppose -2*k - 4*x = -704, 5*k + 4*x - 1738 = 5*x. Let v = -187 + k. List the prime factors of v.
7, 23
Suppose 3*g = -3*r + 465, 0*r - r + 4*g + 180 = 0. Let j = r + -7. What are the prime factors of j?
3, 17
Let u(r) = r**3 + 28*r**2 + 8*r - 64. List the prime factors of u(-25).
3, 179
Suppose 10*j - 9*j - 4*x = 215, 4*x = -j + 207. What are the prime factors of j?
211
Suppose 0 = 6*g - 0*g - 390. Suppose u = -2*m + g, -2*m = m + 2*u - 100. List the prime factors of m.
2, 3, 5
Suppose 3 = -3*d, 0 = -5*l - 5*d + d + 396. Let k = l - -50. Suppose 4*c + c - k = 0. What are the prime factors of c?
2, 13
Let y(h) = h**3 - 5*h**2 + h. Let r = 4 + 1. Let c be y(r). Suppose 18 = k - c. List the prime factors of k.
23
Suppose -4*p = p + 4*a - 5337, 4272 = 4*p + 4*a. What are the prime factors of p?
3, 5, 71
Let v(w) = -w**2 - 13*w + 1865. List the prime factors of v(0).
5, 373
Suppose 44*m - 65319 = -11463. List the prime factors of m.
2, 3, 17
What are the prime factors of -3 + -5*(-1 - 0) - -637?
3, 71
Let o(h) = h**2 + 8*h - 9. Suppose 0 = 6*j - 4*j - 40. Let p = 24 - j. What are the prime factors of o(p)?
3, 13
Let v be (((-118)/1)/(-2))/((-4)/(-12)). Suppose 0 = -3*q + 5*l + 275, -2*q - 4*l = -l - v. What are the prime factors of q?
2, 3, 5
Let u be (-2)/10*35/(-7). Let h be (275/10)/(u/2). Let f = 92 - h. What are the prime factors of f?
37
Suppose 4*g - 8*g = -3*l + 3629, 0 = 2*l + 3*g - 2391. List the prime factors of l.
3, 401
Suppose 25 = 3*u + 4*h - 8, 0 = -5*u - h + 38. Let g be (1 - 3) + (u - 5). Suppose j + 3*v - 30 = v, 5*v - 15 = g. List the prime factors of j.
2, 3
Let y be 0 - 19*2/(-2). Suppose 5*b - y + 9 = 0. Suppose 20 = b*w - 3*a + a, -40 = -4*w - 2*a. What are the prime factors of w?
2, 5
Let d(j) = -6 + 3*j**2 - 3 - 7*j**2 - 9*j + 3*j**2. Let i be d(-6). Suppose -3*s = -i - 6. What are the prime factors of s?
5
Suppose 3*x - 2*v - 4162 = 0, -x + 17*v - 13*v + 1384 = 0. What are the prime factors of x?
2, 347
Let g(l) be the third derivative of 0 + 7/12*l**4 + 5/6*l**3 + 4*l**2 + 1/60*l**5 + 0*l. What are the prime factors of g(-15)?
2, 5
Let j = 11 - 20. Let a = j + 74. What are the prime factors of a?
5, 13
Let r = -11 - -18. Suppose r*g - 4*g - 6 = 0. Suppose 4*b = -g*k + 50, 4*b + k = 12 + 33. What are the prime factors of b?
2, 5
Suppose -770 + 208 = -2*u. Suppose -5*q + g = -u - 16, 4*q - 3*g = 231. What are the prime factors of q?
2, 3, 5
Let l = -691 - -737. What are the prime factors of l?
2, 23
What are the prime factors of 10 + (-557)/(-1) + 2/(-2)?
2, 283
Let d(o) = -11*o**2 - 3*o. Let c be d(-1). What are the prime factors of 12/32 + (-1645)/c?
2, 103
Let a(m) = 5*m + 8. Suppose -3*l - 3*o + 14 = -5*o, 4*l = o + 17. Suppose -l*q + q = k - 7, -q - 2*k - 6 = 0. List the prime factors of a(q).
2, 7
Let w = 2703 + -1537. List the prime factors of w.
2, 11, 53
Let j(g) = -g. Let z(b) = 2*b + 22. Let r(c) = 3*j(c) + z(c). What are the prime factors of r(9)?
13
Suppose -2*a = -3*a - 1. What are the prime factors of a/(-3) + 192/18?
11
Let y(k) = -k**3 - 5*k**2 - 2*k + 1. Suppose 12 = -2*u - 5*t, -2*t = u + 4*u + 30. List the prime factors of y(u).
7
Let c(y) = 3*y + 2. Let d be c(1). Suppose -3*v + 7*v + 8 = 0, d*v + 146 = 2*f. List the prime factors of f.
2, 17
Let a(x) = -x**2 + x + 117. Let b be a(0). Let v = b + -172. Let d = -29 - v. What are the prime factors of d?
2, 13
Suppose -c = -3*t + 379, -5*t + 252 = -3*t - c. Suppose l - 9 = t. Suppose 3*r + 2*a = -r + l, 2*a = -3*r + 101. List the prime factors of r.
5, 7
Let y be (-6)/24*12/3. What are the prime factors of (-3 - y)/(4/(-102))?
3, 17
Suppose -w = -3*f + 20, 2*f - 7*f = 3*w - 24. What are the prime factors of (2/f + (-296)/6)/(-1)?
7
Let w(b) = 2*b + 17. Let g be w(-8). List the prime factors of ((-213)/(-6))/((-1)/(-2)*g).
71
Let n(a) = -a**3 + 58*a**2 - 80*a - 6. What are the prime factors of n(56)?
2, 19, 47
Let f = 45 + -51. List the prime factors of (-184 - 1 - 24/f)/(-1).
181
Let q(m) = 10*m + 16*m**3 - 15*m**3 + 12 - 22*m**2 + 13*m**2. List the prime factors of q(8).
2, 7
Suppose 0 = 18*a - 17*a - 3, 0 = -2*r + 2*a + 60. List the prime factors of r.
3, 11
Let m(k) = -k - 18. Let o be m(14). Suppose -3*b - 6 = -3. List the prime factors of b/(2*2/o).
2
Let n(r) = 2*r**2 - 3*r + 3. Let z be n(3). Suppose 15*q - 18*q - 24 = 0. Let h = q + z. What are the prime factors of h?
2
List the prime factors of 867/3 + -2 + 2.
17
Let n be (-3)/(-2)*224/21 - 3. Suppose n*a + 378 = 22*a. List the prime factors of a.
2, 3, 7
Let r be (18 + -2)/((-2)/(-2)). Let y = 22 - r. Suppose 0 = 5*n + 4*z - 111, y*z = z - 5. What are the prime factors of n?
23
Suppose 8 = -x + 5*i - 6, 5*x + 1 = 2*i. Let c be (-9)/3 + 31*x. Let a = c + 8. What are the prime factors of a?
2, 3
Suppose 5*b + 45 = 5*o, -2*b = -4*o - b + 21. Let c = -1 + 4. Suppose -q = -d + o, c*q = d + 3*d - 19. List the prime factors of d.
7
Let h(z) = z**3 + 7*z**2 + 3*z - 6. Let v be h(-7). Let n = 51 + v. What are the prime factors of n?
2, 3
Let g = 164 - -15. Let k = 436 - g. List the prime factors of k.
257
Let a(u) = 1657*u**2 - 11*u + 11. List the prime factors of a(1).
1657
Let h = -218 - -480. List the prime factors of h.
2, 131
Let o = -414 - -803. List the prime factors of o/6 + (-2)/(-12).
5, 13
Let y = 2620 - 1884. List the prime factors of y.
2, 23
Let y(n) = -2*n**3 + 8*n**2 - 11. Let d be y(9). Let i be (-6)/21 - d/7. Suppose 0 = 7*t - 4*t - i. List the prime factors of t.
3, 13
Let h be 6/9 + (-154)/6. Let a be (-10)/h + 1496/10. Suppose 2*g + 3*g - a = 0. What are the prime factors of g?
2, 3, 5
Suppose -4*r + 16 = -4*u + 5*u, -4 = -r - 2*u. Suppose -28 = r*c - t - 181, 3*c - 2*t = 111. List the prime factors of c.
3, 13
List the prime factors of (-3702)/(-18)*(3 + 0/6).
617
Let h = 8 - -534. Let r = h - 334. List the prime factors of r.
2, 13
List the prime factors of (145/(-15))/(10/(-930)).
29, 31
Let s(j) = 0 + 1 - 2 + 17*j. Let u = 1 + 0. What are the prime factors of s(u)?
2
Suppose 180 = 5*o + 5*h, 2*h + 126 = 6*o - 2*o. Suppose -o = 2*j - 315. List the prime factors of j.
3, 47
Let z be 12/(-42) + (-2020)/(-14). Suppose 0 = 4*o + z - 744. Suppose 4*k = 9*k - o. List the prime factors of k.
2, 3, 5
Suppose -4 = -2*f + 2